?
13
Evaluate -1 + 0 + 8 - (21 - -8 - 3).
-19
What is (-1 + -7 - (-26 + 8)) + -28 + -9?
-27
Calculate 25 + 1 + (137 - 158).
5
Calculate -125 + 91 + (1 - -16) + 13.
-4
Evaluate 81 - 42 - 48 - (-10 + -1).
2
What is -9 + 12 - (27 - 22 - -35)?
-37
-1 + 35 + 2594 + -2604
24
Evaluate 12 + -5 + (23 - 44).
-14
Calculate 1 - 5 - ((0 - (18 + -12)) + -9).
11
What is (-1 - 0) + (-21 - (-4 - 23)) + 5?
10
Calculate 4 + -21 + (93 - 67).
9
Calculate (18 - -1) + (-13 - -5).
11
(0 - 4) + (42 - 53) - -14
-1
What is -3 - (-3 + (3 - 3) + 3 + 4)?
-7
Calculate -2908 + 2911 + (-23 - (0 - 0 - 0)).
-20
Evaluate -13 + 20 + 24 + -26.
5
Evaluate 23 + -15 + -14 + (19 - 2).
11
Evaluate -22 - -17 - (-15 + -6).
16
What is (6 - 3) + -10 - (6 + 0 + -25)?
12
What is 10 + -1 - (213 - 191)?
-13
What is the value of 5 - -2 - (-4 + 6 - (6 - 23))?
-12
What is the value of 3 + (-10 - -2) + (29 - 27)?
-3
What is (-2 - -25) + -17 + 1 + -19?
-12
What is the value of -8 + -8 - -8 - 0 - (-7 - -3)?
-4
-11 + 12 + 7 + -19
-11
Calculate -55 + 70 - (38 - 8).
-15
Evaluate 299 + -305 + 0 + 9 + -2 + 0.
1
What is the value of 29 - (29 - (31 - 17))?
14
What is -29 + 10 + -8 - (7 - (0 - -7))?
-27
What is 11 + -16 + 10 + 9 - (2 + -6)?
18
Evaluate -44 + 60 + (-1 - 11) + -1.
3
Calculate (-2 + -9 + 5 - -17) + 3.
14
What is (-3 - 1) + (-18 - 3 - -34)?
9
Evaluate 0 + -2 - ((18 - (-1 + 11)) + -15).
5
Evaluate (4 - ((-6 - -4) + 23)) + (0 - -4).
-13
Evaluate -8 + (3 - -13) - (7 - 3).
4
(-13 - (-14 + 11)) + -9
-19
22 - (18 + -2 + 3)
3
Calculate 5 + -5 + (-9 - (-2 + 0)).
-7
-7 - (13 + -1 + -15)
-4
What is the value of 5 - (21 - ((2 + 4 - 11) + -2))?
-23
What is the value of -14 - (4 - (1 - (3 + -2 + -4)))?
-14
Calculate 1 + -5 - (1 + -4) - (-1113 - -1112).
0
Calculate 19 + 14 + (-3 - 19).
11
What is the value of 11 + -18 - (-20 - -5)?
8
-8 - (4 + 18) - -19
-11
What is the value of -14 + (40 - 19) + (0 - 2) + -5?
0
What is (10 - (-21 - (-2 - 8))) + -11?
10
What is -12 - (-4 - (-16 + 8 - -7))?
-9
Calculate (-1 - 38) + -436 + 454.
-21
What is (4 - 51 - -33) + 11 + 1?
-2
Calculate -11 - (-8 - (-14 - -13)).
-4
What is the value of 4 - (54 + -23) - -25?
-2
What is the value of -52 + 7 + 51 + 20 + 0 + 2?
28
Calculate -11 + 11 + 15 - 3.
12
Calculate (-9 - (8 + -13)) + -1.
-5
What is the value of (22 - 9) + -4 + -1 - (4 - -13)?
-9
Calculate -10 + 33 + -8 + -4 + -21.
-10
What is the value of 0 + 0 - -1 - ((8 - -22) + -19)?
-10
What is the value of 17 - (54 + (-34 - -28))?
-31
Calculate 17 - (3 - ((-4 - -6) + -1 + -3)).
12
-3 + (1 + 5 - (-69 + 71))
1
What is (-3 + -6 - 0) + (-80 - -69)?
-20
What is the value of -9 - -5 - (3 - 18) - (-66 - -100)?
-23
5 + 16 + 0 + 0 + -3
18
Evaluate -1 + 2 + -1 - (0 + (-5 - -15)).
-10
What is 96 + -99 - (-3 - -5 - (17 - 1))?
11
What is the value of -19 + 3 + (-15 - (-39 - -29))?
-21
24 - -2 - (0 + (29 - 20))
17
Evaluate -5 - -11 - -10 - 33.
-17
What is the value of 2 + (-1 + 7 - 8)?
0
Calculate 0 + (-2 + -19 - 2 - (-1 - 1)).
-21
What is the value of (-5 - (14 - (-5 - -10))) + 4?
-10
What is the value of -7 - (-11 + -4 + 2)?
6
-2 + -1 + 1 + 6 + -20 + 8
-8
3 + -5 - (-2 - -3 - 6)
3
Evaluate (99 - 77) + -1 + -12.
9
What is (-30 - -15) + 25 - -6 - 29?
-13
What is 3 + -1 + 0 + 1 + (-47 - -31)?
-13
-3 - -13 - (1 - -34)
-25
19 - ((23 - -12) + -16) - -25
25
What is the value of 6 + (-3 - -1) + 64 + -64?
4
What is the value of -46 + (57 - 9) + (13 - 0)?
15
What is (28 + 3 - 12) + (-5 - -1) + 0?
15
Evaluate 3 + 1 + 3 + (-6 - -10).
11
What is 20 + -25 + 16 + -11?
0
Calculate 22 + (31 - 34) + (-1 - -3 - 2).
19
What is the value of 9 + (13 - (-16 + 45))?
-7
(-2 - 10) + 6 + (0 - -23)
17
40 + -57 - (-13 + 0)
-4
Calculate 19 - 4 - (-2 - -10) - -5.
12
Calculate (3 - -2) + -7 - (61 + -55).
-8
Calculate 34 + (7 - -2 - (0 + -10 + 30)).
23
-13 + (-11 - -44) - 34 - -13
-1
Calculate (7 + -7 - (10 + -3 - 16)) + 13.
22
13 + (38 - 33) + (0 - 5) - -2
15
Evaluate -9 + (21 - 25) + 1 + -4 + 2.
-14
What is -30 - (-28 - (-21 + 10))?
-13
What is the value of -18 - -2 - ((1 + 11 - 2) + -10)?
-16
Calculate 30 + -11 + 41 + -29.
31
What is the value of 1 - 13 - ((-3 + 9 - -1) + -7)?
-12
Calculate 0 + 2 + -15 + 14.
1
What is (-21 - 12 - -18) + -5?
-20
What is (-5 - 1) + 6 - (5 - (4 + -9))?
-10
Evaluate (-21 - 13) + 37 + 0 + 0 + -13.
-10
What is 3 + 16 - (-10 - (1 - (14 + 2)))?
14
Evaluate 4 - (-37 - (15 + -18 + -8)).
30
Evaluate 4 + (2 - 7 - ((18 - 18) + 5)).
-6
Calculate -6 + (9 - 5) + -5 + -1.
-8
What is the value of -19 - (-13 - -44 - 22)?
-28
What is the value of ((12 - 37) + 32 - (7 + -1)) + 22?
23
37 + 8 + (-14 - 25)
6
What is the value of -8 + 2 - -5 - (-49 - -59)?
-11
Evaluate -1 - (6 + -12 + (3 - -10)).
-8
Evaluate 12 + (-7 - 6) + -3.
-4
What is (10 - (3 - 12)) + -6?
13
-1 - -2 - (-21 - -17)
5
(130 - 135) + (-2 - -12)
5
3 - (7 - -5) - (0 + -3 + 0)
-6
What is the value of -25 + 19 + 12 + -2?
4
Evaluate (14 - -2) + 3 + (-23 - -18).
14
What is 216 + -212 + -2 + -9?
-7
-292 - -283 - (0 + -18)
9
What is the value of -212 + 219 - (0 + -2)?
9
What is -8 + 0 + 1 - (10 - 2)?
-15
What is the value of 4 - (0 + -5 - -1)?
8
Calculate -53 - (-6 - -22 - 40).
-29
Calculate -3 - (5 - 10) - -5 - 9.
-2
(10 + -5 - 9) + 5
1
What is 10 + 1 + 0 + (6 - 0)?
17
Evaluate (-2 - (-3 - (3 - -3))) + 7 - 3.
11
Evaluate -25 - (-15 + ((12 - 1) + -4 - 0)).
-17
Calculate -28 + 4 - (35 - (38 - 12)).
-33
What is the value of (-9 + 20 - (-6 - -9)) + -2?
6
2 + (7 + 0 - (14 - (-11 + 20)))
4
(17 - (20 + -24)) + -28
-7
Evaluate -4 + (5 - (-5 - 4) - (2 - 3)).
11
Calculate -14 - (1 + (-45 - -7) + 10).
13
Evaluate (19 - (36 - 18)) + 17.
18
What is the value of (35 - (0 - 11)) + -11 + -5 + 0?
30
What is -1 + 12 - (-9 + (-12 + 8 - -7))?
17
14 + 8 + -11 + -3 - -10
18
Calculate -1 + 19 + (14 - ((5 - -4) + -5)).
28
What is the value of 9 + -46 + (-30 - -28)?
-39
Calculate (31 - -20) + -63 - (-2 - 5).
-5
227 - 216 - (2 + (-3 + -5 - 2))
19
What is -24 - ((1 - 13) + 15) - 1?
-28
Calculate (0 - (0 - 2)) + -8 + (-3 - -12).
3
What is the value of (11 - 9) + 2 + -23?
-19
What is -3 + -7 + 13 + 2 + -10 + 2?
-3
What is the value of -12 - (29 - (12 + 24))?
-5
What is (8 - 0) + -12 + 5 + 24?
25
32 + (0 - 0 - 56)
-24
Evaluate (40 - 26 - 13) + (1 + -29 - -1).
-26
Calculate (4 - (3 - (-2 + (-2 - 0)))) + -3.
-6
What is 14 - (24 - (55 + -31))?
14
What is -6 - (-18 - -24 - (8 + -3))?
-7
What is -10 - (-5 - (-8 - -8)) - -18?
13
What is the value of -5 - (-12 - (13 - 12))?
8
10 - (-1 + -12 + 11)
12
-30 - (14 + (-24 + -1 - -4))
-23
-2 - (-1 - -6 - (9 + 5 + -10))
-3
Calculate -18 - ((-30 - 18) + 29).
1
Evaluate (17 - 9 - 4) + 3 + 2.
9
What is the value of -27 - (14 + -54) - (7 - 0)?
6
What is the value of 4 + 2 + -119 + 102?
-11
Calculate 21 - (-16 - (-35 + 2)).
4
Evaluate -21 + 8 + (1 - 19) + 8.
-23
What is the value of -12 + 21 + 10 + -9?
10
Evaluate -4 - -6 - -1 - (-16 + 18).
1
-33 - ((-1 - 7) + (3 - 10))
-18
What is the value of 1 + 11 - ((-1 - -14) + -6 + 1)?
4
What is the value of -3 - -2 - ((33 - 46) + 4 + 3)?
5
Evaluate -9 + 4 + 6 - 1 - (-4 + 2).
2
What is the value of -10 + -10 + 60 + -17?
23
What is the value of -1199 + 1206 + (7 - -1)?
15
11 - (2 + -2 - (2 + -1 + 5))
17
What is 12 + -1 + (1 + 2 + 13 - 6)?
21
What is -175 + 170 - (10 + 0)?
-15
1 + (-2 - (3 - 8)) - (-2 + 7)
-1
What is the value of -14 + (-3 + -12 - -19) - 10?
-20
What is -147 + 141 + (-8 - -4) + (-5 - 5)?
-20
What is the value of (-9 - -4 - 6) + -1?
-12
What is the value of (4 - (2 + 8)) + 5?
-1
Evaluate 47 + (57 - 33 - 56).
15
What is (-1 - -6) + (0 - 6) - -9?
8
What is the value of 2 + -25 - (377 + -401)?
1
-4 - (-6 + -8 + 29)
-19
What is the value of (15 - (0 - 14)) + 0?
29
-11 + 3 + 3 + (34 - 36)
-7
What is (-3 - (5 - 9) - 0 - 4) + 5?
2
0 + 0 + 2 + (-28 - -33)
7
What is the value of 5 - (4 + (5 - (3 + -1)) - 10)?
8
What is the value of 19 + -23 - (-1 - (6 + (1 - 6)))?
-2
3 + (-2 - -3 - (-6 + 12)) - -15
13
Evaluate -12 + -4 + (2 + 6 - 5).
-13
Calculate -2 + 11 + -9 - 12.
-12
What is (55 + -20 - 39) + -11 + -1?
-16
Calculate -16 - (-4 + 7 + 4 - (-9 + 11)).
-21
-2 - ((4 - 1 - 1) + -3) - 5
-6
Calculate (11 - -13) + (-35 - -22).
11
Evaluate -31 + 2 + 26 + -31 - -11.
-23
Evaluate -12 + 5 - (-5 - 5).
3
What is 13 - (3 - (15 - (11 + -11)))?
25
Calculate 1612 + -1614 + (-4 - (2 - 0)).
-8
What is -17 - (-7 + 0) - -4